 670 and 1001784.
134
What is the greatest common factor of 2040 and 7524540?
1020
What is the greatest common divisor of 6439130 and 38043?
1409
What is the highest common factor of 6928 and 386446438?
866
Calculate the greatest common factor of 23782 and 25190.
22
Calculate the greatest common divisor of 1215 and 46605.
15
What is the greatest common factor of 17622345 and 195?
195
Calculate the greatest common divisor of 218009608 and 244.
244
What is the highest common divisor of 19 and 63213988?
19
What is the highest common factor of 38124110 and 5580?
310
What is the greatest common divisor of 153792 and 449496?
216
What is the greatest common factor of 1662008 and 65096?
824
What is the greatest common factor of 3193164 and 2340?
468
Calculate the highest common factor of 4443129 and 2583.
369
What is the highest common divisor of 27343 and 365227?
37
Calculate the greatest common divisor of 43964679 and 4767.
681
What is the greatest common divisor of 317264 and 105228?
316
What is the greatest common factor of 95535696 and 228?
12
What is the greatest common factor of 1048 and 5992202?
262
What is the greatest common factor of 124512 and 15?
3
What is the highest common divisor of 99063958 and 28?
14
What is the greatest common factor of 11660 and 4525670?
530
What is the greatest common divisor of 126 and 3956364?
18
What is the highest common divisor of 311815 and 5354545?
2065
Calculate the highest common factor of 39588 and 494796.
12
What is the highest common factor of 59535406 and 1582?
1582
Calculate the highest common divisor of 10240 and 106048.
64
What is the highest common factor of 11846 and 4936?
2
Calculate the highest common factor of 65987154 and 7614.
846
Calculate the highest common factor of 3220209 and 507.
3
Calculate the greatest common factor of 2480 and 2598240.
80
Calculate the greatest common factor of 684156508 and 2.
2
Calculate the highest common factor of 12990 and 1541047.
433
What is the greatest common factor of 330 and 253616040?
30
What is the highest common divisor of 183101355 and 15?
15
What is the greatest common factor of 1280 and 28629760?
1280
Calculate the highest common divisor of 2795291512 and 13.
13
What is the highest common factor of 892 and 374267144?
892
Calculate the greatest common factor of 1020566 and 2.
2
What is the highest common factor of 406 and 273861?
7
Calculate the greatest common factor of 1628 and 421850.
22
What is the greatest common divisor of 1400 and 7435800?
200
Calculate the greatest common factor of 50 and 1721130.
10
Calculate the highest common divisor of 30 and 37137610.
10
What is the highest common factor of 68085 and 331245?
765
What is the highest common factor of 2107 and 10493?
7
What is the highest common divisor of 265957961 and 11174?
5587
What is the highest common factor of 297638193 and 4692?
1173
What is the greatest common divisor of 26534 and 1162?
2
Calculate the highest common factor of 2971694670 and 435.
435
Calculate the highest common factor of 197179873 and 176.
11
What is the greatest common factor of 2119 and 16252893?
163
What is the highest common factor of 10578422 and 156828?
3734
What is the highest common divisor of 100 and 4074380?
20
What is the greatest common divisor of 49 and 35346787?
49
Calculate the greatest common divisor of 52857249 and 1565.
313
What is the highest common divisor of 28 and 65937949?
7
What is the highest common factor of 4125 and 361112125?
1375
What is the greatest common factor of 17221 and 31501?
17
What is the highest common factor of 194216381 and 578?
289
Calculate the highest common divisor of 182614731 and 1326.
663
Calculate the highest common factor of 530413 and 26.
13
What is the greatest common divisor of 425 and 1205575?
25
What is the highest common factor of 24587773 and 7?
7
Calculate the greatest common factor of 11919 and 3974595.
87
Calculate the highest common divisor of 64 and 1058336.
32
Calculate the highest common factor of 5542 and 77299.
17
What is the highest common divisor of 861 and 90954892?
287
What is the greatest common divisor of 20584 and 2315627956?
10292
What is the highest common factor of 135576 and 348264?
504
What is the greatest common factor of 2796 and 53899424?
932
Calculate the highest common factor of 663723 and 584118.
261
What is the highest common divisor of 584835993 and 329?
329
What is the highest common divisor of 14792 and 18024?
8
Calculate the highest common factor of 33927792 and 2.
2
Calculate the highest common factor of 1573 and 1575299.
121
What is the highest common factor of 15265 and 5761011?
3053
Calculate the highest common factor of 1324661085 and 21510.
10755
Calculate the highest common factor of 619677 and 4779.
1593
What is the greatest common factor of 13 and 4056377?
13
Calculate the highest common factor of 1638 and 2390154.
78
What is the greatest common factor of 225 and 38438325?
225
Calculate the greatest common factor of 163299 and 276747.
87
Calculate the highest common factor of 6803838600 and 1700.
1700
Calculate the highest common factor of 26 and 346992386.
26
What is the highest common factor of 25646035 and 575?
115
What is the highest common divisor of 1527967 and 49?
49
Calculate the highest common divisor of 46709 and 416.
13
What is the highest common factor of 750 and 2840000?
250
Calculate the highest common divisor of 8712468 and 144.
36
Calculate the highest common factor of 34757250 and 20.
10
What is the greatest common divisor of 461927 and 1214?
607
Calculate the greatest common divisor of 254980 and 4832080.
4180
Calculate the highest common factor of 323181 and 344637.
1341
Calculate the greatest common divisor of 562110 and 124230.
1230
Calculate the highest common factor of 1014 and 24550318.
26
Calculate the highest common factor of 999 and 108309177.
27
Calculate the highest common factor of 4219339 and 55472.
3467
What is the highest common factor of 859418 and 1442?
14
Calculate the greatest common factor of 2 and 8342424.
2
Calculate the greatest common factor of 651590 and 3358.
46
What is the greatest common divisor of 22269 and 2778486?
1713
What is the greatest common divisor of 91898261 and 67158?
3731
Calculate the highest common factor of 158674883 and 8016.
167
What is the highest common divisor of 320 and 14182460?
20
What is the greatest common divisor of 29151792 and 32?
16
What is the highest common divisor of 849654 and 3354?
78
Calculate the highest common divisor of 23467997 and 28.
7
Calculate the highest common divisor of 3430 and 2475872.
98
What is the highest common factor of 20592 and 13975884?
468
Calculate the greatest common factor of 34607111 and 5313.
1771
Calculate the greatest common factor of 15 and 47237210.
5
What is the highest common divisor of 3007737 and 2685?
537
Calculate the highest common factor of 28920652 and 4.
4
Calculate the highest common divisor of 4828 and 55161107.
1207
Calculate the greatest common divisor of 1142496 and 2288959.
3967
What is the highest common divisor of 757274955 and 105?
15
Calculate the highest common factor of 5280410 and 90.
10
Calculate the highest common divisor of 7474131 and 279.
279
Calculate the greatest common divisor of 204 and 124317039.
51
Calculate the highest common divisor of 310 and 5856970.
10
What is the greatest common divisor of 15 and 18189485?
5
What is the greatest common divisor of 19769414 and 4309?
139
Calculate the highest common divisor of 2662075 and 15925.
325
What is the highest common factor of 87516 and 103530?
102
Calculate the greatest common factor of 101507 and 94592582.
5971
Calculate the highest common divisor of 1339469 and 2159.
127
What is the highest common factor of 8910 and 1871910?
810
What is the greatest common factor of 4885587 and 126?
63
Calculate the greatest common divisor of 35736 and 252012.
12
What is the highest common divisor of 763475300 and 628?
628
What is the greatest common divisor of 1820 and 4103372?
364
What is the highest common factor of 2028 and 2294082?
6
Calculate the highest common factor of 1739139290 and 10.
10
What is the highest common factor of 7605886 and 542?
542
What is the highest common divisor of 11441 and 1656926?
673
Calculate the highe